
List the prime factors of 14309.
41, 349
What are the prime factors of 9652?
2, 19, 127
What are the prime factors of 17891?
17891
List the prime factors of 2482.
2, 17, 73
What are the prime factors of 78413?
19, 4127
What are the prime factors of 23428?
2, 5857
List the prime factors of 30739.
59, 521
List the prime factors of 4240.
2, 5, 53
What are the prime factors of 76808?
2, 9601
What are the prime factors of 26769?
3, 8923
What are the prime factors of 9773?
29, 337
List the prime factors of 5836.
2, 1459
What are the prime factors of 11230?
2, 5, 1123
List the prime factors of 6909.
3, 7, 47
What are the prime factors of 11031?
3, 3677
What are the prime factors of 40111?
40111
List the prime factors of 54147.
3, 18049
What are the prime factors of 177240?
2, 3, 5, 7, 211
List the prime factors of 2594.
2, 1297
List the prime factors of 206.
2, 103
What are the prime factors of 28833?
3, 7, 1373
What are the prime factors of 283?
283
What are the prime factors of 4447?
4447
What are the prime factors of 16202?
2, 8101
List the prime factors of 321.
3, 107
What are the prime factors of 62083?
7, 181
What are the prime factors of 1089?
3, 11
What are the prime factors of 2378?
2, 29, 41
What are the prime factors of 33472?
2, 523
What are the prime factors of 1619?
1619
What are the prime factors of 379?
379
What are the prime factors of 4011?
3, 7, 191
List the prime factors of 37176.
2, 3, 1549
What are the prime factors of 9541?
7, 29, 47
What are the prime factors of 12503?
12503
What are the prime factors of 8873?
19, 467
List the prime factors of 15292.
2, 3823
What are the prime factors of 18648?
2, 3, 7, 37
List the prime factors of 345.
3, 5, 23
What are the prime factors of 285?
3, 5, 19
What are the prime factors of 9136?
2, 571
What are the prime factors of 1126?
2, 563
What are the prime factors of 50095?
5, 43, 233
What are the prime factors of 42794?
2, 21397
List the prime factors of 468.
2, 3, 13
What are the prime factors of 67123?
7, 43, 223
What are the prime factors of 10326?
2, 3, 1721
List the prime factors of 35367.
3, 11789
What are the prime factors of 3692?
2, 13, 71
List the prime factors of 77444.
2, 19, 1019
List the prime factors of 1888.
2, 59
What are the prime factors of 117?
3, 13
List the prime factors of 55217.
55217
What are the prime factors of 2918?
2, 1459
What are the prime factors of 1907?
1907
What are the prime factors of 18735?
3, 5, 1249
List the prime factors of 31704.
2, 3, 1321
List the prime factors of 2941.
17, 173
List the prime factors of 5082.
2, 3, 7, 11
What are the prime factors of 19344?
2, 3, 13, 31
What are the prime factors of 3010?
2, 5, 7, 43
List the prime factors of 16376.
2, 23, 89
List the prime factors of 6445.
5, 1289
What are the prime factors of 2113?
2113
What are the prime factors of 1084?
2, 271
List the prime factors of 177.
3, 59
List the prime factors of 4928.
2, 7, 11
List the prime factors of 1463.
7, 11, 19
List the prime factors of 2485.
5, 7, 71
List the prime factors of 163.
163
List the prime factors of 3181.
3181
List the prime factors of 110433.
3, 131, 281
List the prime factors of 1177.
11, 107
What are the prime factors of 967?
967
What are the prime factors of 1249?
1249
What are the prime factors of 736?
2, 23
What are the prime factors of 9916?
2, 37, 67
List the prime factors of 4074.
2, 3, 7, 97
What are the prime factors of 17144?
2, 2143
List the prime factors of 7256.
2, 907
What are the prime factors of 236?
2, 59
List the prime factors of 79835.
5, 7, 2281
What are the prime factors of 1866?
2, 3, 311
What are the prime factors of 12749?
11, 19, 61
List the prime factors of 21548.
2, 5387
List the prime factors of 5263.
19, 277
What are the prime factors of 4379?
29, 151
List the prime factors of 41936.
2, 2621
List the prime factors of 573.
3, 191
List the prime factors of 137679.
3, 45893
List the prime factors of 401.
401
What are the prime factors of 137686?
2, 43, 1601
What are the prime factors of 43?
43
What are the prime factors of 48719?
11, 43, 103
What are the prime factors of 1481?
1481
List the prime factors of 79705.
5, 19, 839
What are the prime factors of 4029?
3, 17, 79
What are the prime factors of 1737?
3, 193
List the prime factors of 617.
617
What are the prime factors of 13517?
7, 1931
List the prime factors of 18724.
2, 31, 151
What are the prime factors of 75?
3, 5
What are the prime factors of 7967?
31, 257
List the prime factors of 5496.
2, 3, 229
List the prime factors of 17353.
7, 37, 67
List the prime factors of 19291.
101, 191
List the prime factors of 1210.
2, 5, 11
List the prime factors of 1399.
1399
What are the prime factors of 3078?
2, 3, 19
What are the prime factors of 5538?
2, 3, 13, 71
What are the prime factors of 2834?
2, 13, 109
What are the prime factors of 6848?
2, 107
List the prime factors of 21337.
19, 1123
What are the prime factors of 83704?
2, 10463
List the prime factors of 115412.
2, 11, 43, 61
What are the prime factors of 1391?
13, 107
List the prime factors of 14277.
3, 4759
What are the prime factors of 16337?
17, 31
What are the prime factors of 214?
2, 107
List the prime factors of 86006.
2, 43003
What are the prime factors of 14793?
3, 4931
What are the prime factors of 15931?
89, 179
List the prime factors of 7728.
2, 3, 7, 23
List the prime factors of 39964.
2, 97, 103
List the prime factors of 151.
151
List the prime factors of 3868.
2, 967
What are the prime factors of 19937?
19937
List the prime factors of 457.
457
List the prime factors of 4986.
2, 3, 277
List the prime factors of 1345.
5, 269
What are the prime factors of 1623?
3, 541
List the prime factors of 1814.
2, 907
List the prime factors of 81460.
2, 5, 4073
What are the prime factors of 858?
2, 3, 11, 13
List the prime factors of 8576.
2, 67
What are the prime factors of 9866?
2, 4933
What are the prime factors of 14561?
14561
What are the prime factors of 378?
2, 3, 7
List the prime factors of 1509.
3, 503
What are the prime factors of 21770?
2, 5, 7, 311
What are the prime factors of 3396?
2, 3, 283
List the prime factors of 44058.
2, 3, 7, 1049
What are the prime factors of 22695?
3, 5, 17, 89
What are the prime factors of 1233?
3, 137
What are the prime factors of 3260?
2, 5, 163
What are the prime factors of 147568?
2, 23, 401
List the prime factors of 14819.
7, 29, 73
List the prime factors of 1209.
3, 13, 31
List the prime factors of 86144.
2, 673
List the prime factors of 5949.
3, 661
List the prime factors of 27068.
2, 67, 101
List the prime factors of 15313.
15313
What are the prime factors of 19133?
19, 53
What are the prime factors of 70082?
2, 67, 523
List the prime factors of 2772.
2, 3, 7, 11
What are the prime factors of 40466?
2, 20233
What are the prime factors of 18?
2, 3
List the prime factors of 2583.
3, 7, 41
What are the prime factors of 3972?
2, 3, 331
What are the prime factors of 639?
3, 71
List the prime factors of 10259.
10259
List the prime factors of 927.
3, 103
What are the prime factors of 2562?
2, 3, 7, 61
What are the prime factors of 25162?
2, 23, 547
What are the prime factors of 17632?
2, 19, 29
List the prime factors of 43678.
2, 21839
List the prime factors of 244.
2, 61
List the prime factors of 133891.
191, 701
What are the prime factors of 41870?
2, 5, 53, 79
List the prime factors of 11982.
2, 3, 1997
What are the prime factors of 92792?
2, 7, 1657
List the prime factors of 3701.
3701
What are the prime factors of 6846?
2, 3, 7, 163
List the prime factors of 5506.
2, 2753
List the prime factors of 506.
2, 11, 23
List the prime factors of 33133.
17, 1949
What are the prime factors of 3912?
2, 3, 163
What are the prime factors of 906?
2, 3, 151
What are the prime factors of 102290?
2, 5, 53, 193
What are the prime factors of 260?
2, 5, 13
List the prime factors of 19329.
3, 17, 379
What are the prime factors of 19135?
5, 43, 89
List the prime factors of 19871.
31, 641
List the prime factors of 55816.
2, 6977
What are the prime factors of 42080?
2, 5, 263
List the prime factors of 10400.
2, 5, 13
What are the prime factors of 104497?
83, 1259
List the prime factors of 2684.
2, 11, 61
What are the prime factors of 63089?
13, 23, 211
List the prime factors of 13936.
2, 